82230860?
10
Calculate the highest common factor of 652544 and 3255073.
2549
Calculate the greatest common factor of 147472 and 3440.
16
What is the highest common factor of 18554508 and 54999?
567
What is the greatest common factor of 522930 and 2010?
30
Calculate the highest common divisor of 801 and 8085383.
89
What is the greatest common factor of 28945152 and 20736?
2304
What is the greatest common factor of 25 and 305479250?
25
Calculate the highest common divisor of 51264 and 261126.
1602
Calculate the highest common factor of 6594959 and 98.
49
Calculate the highest common factor of 2291336 and 305768.
296
What is the highest common factor of 3052 and 3435026?
1526
What is the highest common divisor of 1524130 and 25085?
865
Calculate the greatest common divisor of 1603 and 33700327.
229
Calculate the highest common divisor of 4760 and 3777655.
595
Calculate the greatest common divisor of 554016 and 25184.
32
Calculate the highest common divisor of 783 and 26038056.
87
What is the highest common factor of 1485 and 6812685?
495
What is the greatest common divisor of 769467 and 42?
3
Calculate the greatest common factor of 2193529 and 16562.
13
What is the greatest common divisor of 127915 and 770?
5
Calculate the highest common divisor of 224 and 793758.
14
What is the greatest common factor of 16815 and 14686221?
3363
What is the greatest common divisor of 2943081 and 2052?
513
What is the greatest common factor of 67511217 and 61033?
8719
Calculate the highest common factor of 6073391 and 132551.
1597
What is the highest common factor of 558 and 175343409?
279
Calculate the highest common factor of 598004 and 352.
44
What is the highest common factor of 296172 and 35622477?
3897
What is the highest common factor of 12567120 and 6000?
240
Calculate the highest common factor of 1902708 and 414.
18
What is the highest common divisor of 20995 and 120032614?
4199
What is the highest common divisor of 11286 and 1960028334?
11286
Calculate the highest common divisor of 685 and 34895955.
685
What is the greatest common divisor of 676368 and 3528?
504
Calculate the greatest common divisor of 6363 and 184401.
63
What is the highest common divisor of 32742756 and 36?
36
Calculate the greatest common factor of 33122 and 1304.
2
Calculate the greatest common factor of 1083794 and 328.
82
What is the greatest common divisor of 4596066 and 1206?
1206
Calculate the greatest common divisor of 48157383 and 1349.
71
Calculate the highest common divisor of 10026648 and 384.
24
What is the greatest common divisor of 5630 and 319944455?
2815
Calculate the highest common factor of 312833844 and 90.
18
Calculate the greatest common divisor of 30478302 and 11150.
446
What is the greatest common divisor of 41221594 and 143900?
2878
Calculate the greatest common divisor of 3636 and 1532052.
36
Calculate the greatest common factor of 21 and 30507987.
3
Calculate the greatest common factor of 79601725 and 147.
49
What is the highest common divisor of 878883 and 182172?
969
What is the greatest common divisor of 2968 and 34274?
2
Calculate the highest common factor of 600 and 49245.
15
Calculate the greatest common divisor of 20075 and 287200.
25
What is the greatest common factor of 15281 and 944314?
259
Calculate the highest common factor of 22 and 345362.
2
Calculate the highest common factor of 838811 and 976.
61
What is the highest common divisor of 297 and 28919022?
33
What is the highest common divisor of 6810383 and 344?
43
Calculate the highest common factor of 487 and 421652392.
487
Calculate the greatest common factor of 101746954 and 2758.
394
Calculate the greatest common divisor of 918954 and 3683877.
8061
Calculate the greatest common factor of 8235 and 19671585.
915
What is the greatest common factor of 205436 and 9947?
203
Calculate the highest common factor of 5253348 and 551.
19
Calculate the highest common factor of 5970220 and 215100.
4780
What is the highest common factor of 686247240 and 360?
120
Calculate the highest common factor of 173168 and 19908.
316
Calculate the highest common factor of 132752068 and 848.
212
Calculate the greatest common factor of 330682925 and 25.
25
What is the greatest common factor of 756275 and 34368?
179
What is the highest common factor of 31925 and 1360650?
25
What is the greatest common divisor of 173752 and 13024?
296
Calculate the greatest common factor of 639906 and 11868.
138
What is the greatest common factor of 18806904 and 612?
36
What is the greatest common factor of 5203500 and 630?
30
Calculate the highest common divisor of 184 and 770669096.
184
Calculate the greatest common factor of 7756435 and 413.
59
What is the greatest common factor of 148267891 and 73?
73
What is the highest common divisor of 1840025 and 5280?
55
Calculate the greatest common divisor of 65135 and 55020.
35
What is the highest common factor of 72240132 and 24?
12
What is the greatest common divisor of 1242381 and 19229?
469
What is the highest common factor of 100830953 and 17953?
1381
What is the highest common divisor of 4102015 and 25?
5
What is the greatest common divisor of 572424 and 53268?
276
What is the highest common factor of 11571978 and 528?
66
What is the greatest common factor of 37449 and 429731436?
4161
What is the highest common factor of 51009 and 5047?
49
What is the greatest common factor of 1406 and 14010198?
74
What is the highest common divisor of 18 and 73534374?
18
What is the greatest common divisor of 2917 and 14733767?
2917
What is the greatest common divisor of 955936 and 592?
16
Calculate the greatest common divisor of 18763715 and 68835.
1765
What is the greatest common factor of 4864840 and 460?
20
What is the greatest common factor of 700 and 177497600?
700
What is the greatest common divisor of 8 and 19356460?
4
Calculate the highest common factor of 418725 and 4203.
9
Calculate the highest common factor of 140610841 and 1813.
1813
Calculate the greatest common divisor of 551604612 and 52.
52
What is the greatest common divisor of 35476907 and 1317?
439
Calculate the greatest common factor of 2317263 and 312.
39
What is the highest common factor of 62080974 and 30?
6
What is the greatest common factor of 9485 and 7128655?
1355
What is the highest common divisor of 36170 and 660001224?
7234
Calculate the greatest common divisor of 88 and 3928718640.
88
What is the highest common factor of 4309 and 179428?
31
What is the greatest common factor of 492 and 11963636?
164
Calculate the greatest common factor of 545 and 73215409.
109
What is the highest common factor of 30 and 758365470?
30
What is the highest common divisor of 84 and 13292202?
42
What is the greatest common factor of 3016644 and 120?
12
Calculate the greatest common factor of 82993 and 311363.
557
Calculate the highest common divisor of 5187 and 5030649.
741
What is the greatest common factor of 414154 and 1643498?
1874
What is the highest common factor of 1321166 and 917378?
3542
What is the highest common factor of 14222 and 16003?
13
What is the highest common factor of 2134049 and 4617859?
5069
What is the greatest common factor of 51616 and 23904?
32
Calculate the greatest common divisor of 3314052 and 168.
84
Calculate the greatest common divisor of 10325 and 561050.
175
What is the greatest common divisor of 69358964 and 1236?
412
Calculate the highest common divisor of 6120 and 25726185.
765
What is the highest common factor of 42 and 387176832?
42
Calculate the highest common factor of 108 and 476757.
9
What is the highest common factor of 1 and 5986381?
1
What is the greatest common divisor of 1365 and 3526635?
105
Calculate the greatest common factor of 37 and 10272754.
37
What is the greatest common factor of 25670019 and 20820?
1041
Calculate the greatest common divisor of 30758 and 2631538.
182
Calculate the greatest common divisor of 627756 and 164.
4
What is the greatest common divisor of 385548 and 43076?
356
What is the highest common divisor of 139978 and 27481333?
3043
What is the highest common divisor of 3072144 and 95352?
696
What is the greatest common factor of 43466663 and 5463?
607
Calculate the highest common divisor of 48 and 127110288.
48
Calculate the highest common divisor of 606472 and 1376.